 is the billions digit of 3315775503?
3
What is the billions digit of 2683941232?
2
What is the units digit of 1500729604?
4
What is the thousands digit of 36541679?
1
What is the hundred thousands digit of 77141165?
1
What is the ten thousands digit of 88466374?
6
What is the ten thousands digit of 211370081?
7
What is the billions digit of 2301349484?
2
What is the units digit of 185356537?
7
What is the millions digit of 2424300113?
4
What is the hundreds digit of 527084023?
0
What is the ten millions digit of 346596607?
4
What is the millions digit of 123828784?
3
What is the tens digit of 34441468?
6
What is the ten millions digit of 66839448?
6
What is the hundreds digit of 276270555?
5
What is the hundred thousands digit of 1839486060?
4
What is the tens digit of 40151217?
1
What is the tens digit of 255614741?
4
What is the thousands digit of 933276832?
6
What is the ten thousands digit of 56591422?
9
What is the hundreds digit of 132950606?
6
What is the hundreds digit of 91546057?
0
What is the units digit of 533513861?
1
What is the hundred thousands digit of 146431338?
4
What is the millions digit of 941720604?
1
What is the ten thousands digit of 125174016?
7
What is the thousands digit of 127670853?
0
What is the ten millions digit of 47886140?
4
What is the hundred thousands digit of 2331672993?
6
What is the tens digit of 100033299?
9
What is the hundred thousands digit of 624696428?
6
What is the thousands digit of 280069864?
9
What is the ten thousands digit of 223935522?
3
What is the tens digit of 10794088?
8
What is the millions digit of 3159849416?
9
What is the hundreds digit of 286415572?
5
What is the units digit of 114581592?
2
What is the ten thousands digit of 185262709?
6
What is the ten millions digit of 2603389993?
0
What is the thousands digit of 20419213?
9
What is the units digit of 365311734?
4
What is the units digit of 4710529467?
7
What is the units digit of 81972944?
4
What is the units digit of 103221173?
3
What is the units digit of 154512352?
2
What is the millions digit of 314349721?
4
What is the hundred thousands digit of 1729001291?
0
What is the hundreds digit of 98334459?
4
What is the hundred millions digit of 101802154?
1
What is the hundreds digit of 81345282?
2
What is the millions digit of 49337015?
9
What is the ten millions digit of 2818434965?
1
What is the ten millions digit of 807023250?
0
What is the tens digit of 210003068?
6
What is the hundred thousands digit of 2116816496?
8
What is the ten thousands digit of 182594581?
9
What is the thousands digit of 479183213?
3
What is the hundreds digit of 3272011783?
7
What is the millions digit of 5221009?
5
What is the thousands digit of 125348895?
8
What is the thousands digit of 45696436?
6
What is the tens digit of 575054142?
4
What is the units digit of 780357659?
9
What is the thousands digit of 568704055?
4
What is the thousands digit of 142074960?
4
What is the units digit of 736519852?
2
What is the billions digit of 4122281027?
4
What is the ten thousands digit of 2866741284?
4
What is the ten millions digit of 1146917472?
4
What is the units digit of 17026213?
3
What is the ten thousands digit of 24245774?
4
What is the units digit of 1818024668?
8
What is the thousands digit of 656380271?
0
What is the hundreds digit of 343031342?
3
What is the hundred millions digit of 3198205966?
1
What is the tens digit of 87513317?
1
What is the tens digit of 342647638?
3
What is the hundred thousands digit of 66927575?
9
What is the millions digit of 30334345?
0
What is the ten millions digit of 1753859121?
5
What is the millions digit of 344524653?
4
What is the tens digit of 950888896?
9
What is the hundreds digit of 145601863?
8
What is the ten millions digit of 95386506?
9
What is the thousands digit of 18181714?
1
What is the tens digit of 85707882?
8
What is the hundred millions digit of 557181029?
5
What is the hundred thousands digit of 812089214?
0
What is the ten thousands digit of 133936121?
3
What is the units digit of 308733993?
3
What is the hundred millions digit of 137520146?
1
What is the millions digit of 74699018?
4
What is the units digit of 193407086?
6
What is the hundreds digit of 35778731?
7
What is the hundred millions digit of 817231822?
8
What is the hundreds digit of 685535110?
1
What is the ten thousands digit of 49464733?
6
What is the thousands digit of 915045444?
5
What is the thousands digit of 777315705?
5
What is the ten millions digit of 16174278?
1
What is the thousands digit of 171678073?
8
What is the millions digit of 1700597951?
0
What is the units digit of 4133631329?
9
What is the ten thousands digit of 6131862898?
6
What is the hundred thousands digit of 533393340?
3
What is the thousands digit of 1174784?
4
What is the hundreds digit of 88957087?
0
What is the tens digit of 101126386?
8
What is the units digit of 424685850?
0
What is the hundred thousands digit of 26845503?
8
What is the hundred millions digit of 332330290?
3
What is the thousands digit of 800959708?
9
What is the ten millions digit of 12056439?
1
What is the hundreds digit of 159939364?
3
What is the tens digit of 3423834575?
7
What is the units digit of 36719822?
2
What is the ten millions digit of 115582908?
1
What is the hundred thousands digit of 1056026233?
0
What is the tens digit of 40598306?
0
What is the ten thousands digit of 26752508?
5
What is the hundred thousands digit of 684335775?
3
What is the hundreds digit of 119953742?
7
What is the thousands digit of 26465364?
5
What is the millions digit of 1110391878?
0
What is the millions digit of 47328465?
7
What is the thousands digit of 112993382?
3
What is the billions digit of 1171427026?
1
What is the hundred thousands digit of 364003605?
0
What is the millions digit of 559497589?
9
What is the tens digit of 153112591?
9
What is the tens digit of 1381143347?
4
What is the thousands digit of 14528472?
8
What is the hundreds digit of 533551016?
0
What is the ten millions digit of 913760868?
1
What is the hundreds digit of 4274277168?
1
What is the hundred millions digit of 239410612?
2
What is the millions digit of 4809827135?
9
What is the hundred thousands digit of 43491375?
4
What is the tens digit of 857848478?
7
What is the thousands digit of 326512568?
2
What is the tens digit of 172622656?
5
What is the hundred thousands digit of 81262990?
2
What is the tens digit of 3515138974?
7
What is the millions digit of 172814447?
2
What is the hundred millions digit of 146031607?
1
What is the tens digit of 641099059?
5
What is the hundred thousands digit of 25368470?
3
What is the hundred millions digit of 254493416?
2
What is the tens digit of 449212359?
5
What is the units digit of 1532106343?
3
What is the hundred millions digit of 396593140?
3
What is the hundred thousands digit of 43622121?
6
What is the millions digit of 1607544666?
7
What is the ten millions digit of 89507740?
8
What is the ten millions digit of 18302006?
1
What is the millions digit of 47307109?
7
What is the hundred millions digit of 1280580033?
2
What is the hundreds digit of 329373324?
3
What is the hundred thousands digit of 265096954?
0
What is the units digit of 2970366090?
0
What is the thousands digit of 19869251?
9
What is the ten thousands digit of 98633037?
3
What is the ten thousands digit of 391384955?
8
What is the hundred thousands digit of 2889785774?
7
What is the thousands digit of 288308416?
8
What is the thousands digit of 114325330?
5
What is the ten thousands digit of 18471848?
7
What is the billions digit of 3917752169?
3
What is the hundred thousands digit of 39109360?
1
What is the hundred thousands digit of 2117468936?
4
What is the thousands digit of 16949862?
9
What is the tens digit of 395589573?
7
What is the ten thousands digit of 261549129?
4
What is the thousands digit of 699965080?
5
What is the ten millions digit of 850816518?
5
What is the hundred thousands digit of 67200137?
2
What is the ten thousands digit of 919370452?
7
What is the millions digit of 22680478?
2
What is the millions digit of 77535161?
7
What is the units digit of 251824854?
4
What is the millions digit of 21289885?
1
What is the ten thousands digit of 107530155?
3
What is the thousan